b and 26.
13
Let g = -110 - -135. Suppose -z = -4*m + 5*m - 4, 3*m - 6 = 0. Suppose -z*x = -x - 5. Calculate the greatest common divisor of x and g.
5
Let l = -1152 - -1248. Calculate the highest common factor of l and 120.
24
Suppose 4 = -5*o + 9, 0 = -3*a + 3*o + 465. Calculate the greatest common divisor of a and 39.
39
Suppose -2*j = 12 - 42. Let a(h) = h**2 - 10*h + 15. Let q be a(7). Let x be (-12)/(-8)*q/(-3). Calculate the highest common divisor of j and x.
3
Let c = 171 + 3254. Suppose -c = 3*g + 2*g. Let d be g/(-4) + 18/(-72). Calculate the greatest common factor of 19 and d.
19
Let a(n) = 4*n - 13. Let t be a(4). Let q be 2/t*(-6 + 180/6). What is the highest common divisor of q and 48?
16
Let s(p) = p**3 - 2*p + 3. Let j be s(3). Let g = -7 + 10. Suppose -22 = -4*r - i, -13 = -g*r + 5*i + 15. Calculate the highest common divisor of r and j.
6
Let k(w) = -w**2 - 1. Let h(x) = 6*x**2 + 1. Let c(v) = h(v) + 2*k(v). Suppose 0*a - 4 = 2*a. Let f be c(a). What is the highest common divisor of 75 and f?
15
Suppose 73*p - 17775 = 5950. Calculate the highest common factor of p and 225.
25
Let y = 614 - 332. Suppose z - y + 957 = 0. Let b be ((-4)/(-3))/((-10)/z). Calculate the greatest common divisor of 10 and b.
10
Suppose h + 2*h = 156. Suppose -5*c - 2 = -h. Let g be c/(0 - 3/(-9)). What is the highest common factor of 45 and g?
15
Let a = 770 - 769. Calculate the highest common factor of 74 and a.
1
Suppose 4*d = -2*u - 90 + 278, 0 = d + 1. Suppose -90 = -3*x + 102. What is the greatest common divisor of u and x?
32
Suppose -23*h = -167 - 86. What is the highest common factor of h and 44?
11
Suppose 7 = 5*u - 8. Suppose -24 = -u*w + 21. Let d be (-6)/30*-15*((-11)/3 + 7). What is the greatest common factor of w and d?
5
Let n = -13 + 18. Let q = 106 - 36. Let y = -30 + q. What is the greatest common divisor of y and n?
5
Let d = -14 - -29. Suppose -5*n + 8*n = d. Calculate the highest common factor of 70 and n.
5
Let a be (7 + -11 + 10)*2. Calculate the greatest common factor of 2328 and a.
12
Suppose u - 4 = 6. Let j = -312 + 449. Let b = 247 - j. Calculate the highest common factor of u and b.
10
Let o(z) = 244*z**2 + 5*z - 15. Let f be o(3). Calculate the highest common divisor of 36 and f.
36
Let o be -1 + 17 + (0 - 1). Let f(n) = -222*n - 438. Let k be f(-2). Calculate the highest common divisor of k and o.
3
Suppose 10*h - 4667 = 4643. Calculate the highest common divisor of h and 38.
19
Suppose -7 = d + 7. Let h = d + 24. Let r(x) = -x**2 + 12*x - 6. Let i be r(h). What is the greatest common divisor of 2 and i?
2
Suppose 2*a + 10 = 4*a - 3*v, 4*v = -5*a + 48. Suppose 2*x + 16 = 64. What is the highest common divisor of a and x?
8
Let p(w) = -w**3 + 7*w**2 - 8*w - 1. Let y be p(6). Let f = y - -30. Calculate the greatest common factor of 34 and f.
17
Suppose -25 + 79 = 6*k. Let z = -10 + k. Let c be 2 + z/2*-28. What is the highest common factor of c and 40?
8
Let c(q) = 2*q - 12. Let m be c(0). Let l = -12 - m. Suppose l*a - 18 = -3*a. Calculate the highest common factor of a and 15.
3
Let d be ((-840)/18)/(1/(-3)). Suppose 2*m - 4*m + d = 0. Let n be (10*(-3)/3)/(-1). Calculate the greatest common divisor of m and n.
10
Let f(k) = k**3 - 6*k**2 + 12*k - 52. Let d be f(7). What is the highest common factor of 135 and d?
27
Let x = -11 + 18. Suppose -2*y = -3*z + 40, -4*z - x*y + 84 = -2*y. Calculate the highest common factor of 4 and z.
4
Suppose -4*v - 5*p = -28, 20 + 36 = 3*v - 5*p. Let j be 90/(-8)*(-24)/9. What is the highest common factor of j and v?
6
Let j = -59 - -134. Calculate the highest common divisor of j and 15.
15
Suppose 550 = 4*f + 6*f. What is the greatest common factor of f and 880?
55
Let q be 9*(-4)/10*20/(-24). Suppose -156 = -f - q*f - 3*l, 0 = 5*l - 20. What is the greatest common factor of 288 and f?
36
Let p = -174 + 462. Suppose 207 = 5*l - p. Calculate the highest common factor of l and 11.
11
Let t be ((-3)/(-2))/3*36. Let m = 30 - t. Let i be (50/5 + 1)*(-3 + 15). Calculate the greatest common divisor of m and i.
12
Let y be (-2)/3 + (-64)/(-6). Let z be (-13 - (3 - -4))/(2/(-6)). Calculate the greatest common divisor of y and z.
10
Suppose -5*v - 205 = 155. Let k be 0 - v - (-21)/7. Calculate the greatest common divisor of 15 and k.
15
Let x be 292/(-32)*-26 - (-6)/8. What is the greatest common factor of x and 42?
14
Let c = -857 - -1444. Suppose 0 = -4*g + c + 169. What is the greatest common divisor of g and 27?
27
Let p be -1 - (3 + -45 + 3). What is the highest common factor of p and 76?
38
Suppose -1 - 5 = -2*x, 3*x + 271 = 5*w. Calculate the highest common factor of 434 and w.
14
Let y = 1 + 0. Let f be (-1)/((-3)/15*y). Suppose 4 + f = h. What is the greatest common divisor of 99 and h?
9
Suppose -4*y - 2*j = 58, 5*y + j = 6*j - 80. Let f = y - -32. Suppose 387*n = 389*n - 170. Calculate the greatest common divisor of n and f.
17
Let y be (0 - -26) + 21 + -13. What is the greatest common divisor of 323 and y?
17
Let m be (0 - 4)*(-1)/1. Suppose 0 = -m*q + 3 + 5. What is the greatest common divisor of 38 and q?
2
Let l(k) = k + 5. Let f be l(5). Suppose 112*j = 107*j + 250. Calculate the highest common factor of f and j.
10
Let f(d) = 4*d - 13. Let k be f(11). Suppose -p + 4*h - 2 + k = 0, 3*h = 4*p - 116. Suppose -31 = -2*z + p. What is the greatest common factor of z and 15?
15
Let i be (75/45)/(1/3). Let s = -2 + 6. Let p be 4*(-2 + 23/s). What is the highest common factor of i and p?
5
Let a be 6/8*92/23. Suppose 124 = a*b + 10. Suppose 5*d = -3*c + 475, 3*d + 2*d - 5*c - 475 = 0. What is the greatest common factor of b and d?
19
Let m(o) = -o**3 + 6*o**2 + 5*o + 12. Let b be m(6). Suppose 9*r = 102 + b. What is the greatest common divisor of 2 and r?
2
Let r(c) = -6*c - 89. Let l be r(-19). Calculate the highest common divisor of l and 1175.
25
Let j(y) = 28*y**3 + 4 - 13*y**3 - 7*y**3 - 2. Let k be -4*(6/(-4))/3. Let z be j(k). What is the highest common factor of z and 6?
6
Let s be (-1 - 10/(-2)) + 17. Let u be (-2 + s - 2) + -1. Let o(y) = -16*y**3 + y**2 + 2*y. Let n be o(-2). Calculate the greatest common divisor of n and u.
16
Suppose 60 = 3*l - 24. Let p = l + -55. Let g be (-3261)/p - 6/(-27). Calculate the greatest common factor of g and 11.
11
Suppose -2*s = -6*s + 12. Let j(t) = -t**3 - 7*t**2 + 99*t + 19. Let x be j(-14). What is the greatest common divisor of s and x?
1
Let f be (104/(-10))/((-85)/850). Calculate the highest common factor of 104 and f.
104
Suppose 101 + 157 = 2*u. Calculate the greatest common factor of 172 and u.
43
Suppose -3*n - 10*h = -5*h - 653, -3*n + 671 = -4*h. What is the greatest common factor of 91 and n?
13
Let x = 16 - 13. Suppose -4*j + x = -3*j. Suppose 5*f = 4*u - 73, 0 = 2*u + j*f - 7 - 2. What is the greatest common divisor of u and 36?
12
Let u(l) = l**2 - 6*l - 1. Let s be u(3). Let f = s + 22. Calculate the greatest common divisor of f and 6.
6
Let x be 13 - 5/2*(-48)/60. Calculate the greatest common factor of x and 20.
5
Suppose -14 - 34 = -6*a. Let u be 3/(3 + 3)*8*a. Suppose 4*z - 4*r = 196, -5*z + 241 = -2*r + r. What is the highest common factor of u and z?
16
Let o(p) = -61*p - 43. Let j be o(-6). What is the greatest common factor of 136 and j?
17
Let v = 68 + -61. Suppose 134 = 3*o - 3*k + v*k, 5*o - 5*k - 200 = 0. What is the greatest common factor of 28 and o?
14
Let r(d) = -d**3 - d**2 + 2*d + 205. Let s be r(0). Calculate the highest common factor of 10 and s.
5
Let z = 45 - 3. Suppose 7*a = 4*a + 42. What is the greatest common factor of a and z?
14
Let g be (6/(-18))/((-22)/(-24) - 1). Let f be g/18 - 2158/(-9). What is the highest common factor of f and 30?
30
Let d be (-3)/30 - (-1210)/100. Calculate the highest common factor of d and 128.
4
Suppose 18*c = -12*c + 30. Calculate the greatest common divisor of 29 and c.
1
Let d be 242/10 + (195/25 - 8). Calculate the greatest common divisor of 252 and d.
12
Suppose -3*n + 35 = -25. Suppose -5*s + 720 = 220. Suppose 2*q + 0*q = s. Calculate the greatest common divisor of n and q.
10
Let b be (-20)/25*(12/(-8) + -1). Suppose -2*v = -3 - 7. Suppose 3 + v = 4*a. Calculate the highest common factor of b and a.
2
Suppose 14 = -5*r - 86. Let p be (-192)/(-20) + (-8)/r. Su